{"id":2846,"date":"2016-01-07T00:18:43","date_gmt":"2016-01-06T23:18:43","guid":{"rendered":"http:\/\/www.clear-c.com\/site\/consumer-electronics-copy\/"},"modified":"2021-01-23T14:34:44","modified_gmt":"2021-01-23T13:34:44","slug":"clear-cut-inc-pro-video","status":"publish","type":"page","link":"https:\/\/www.clear-c.com\/site\/clear-cut-inc-pro-video\/","title":{"rendered":"V\u00eddeo Pro"},"content":{"rendered":"<!--themify_builder_content-->\n<div id=\"themify_builder_content-2846\" data-postid=\"2846\" class=\"themify_builder_content themify_builder_content-2846 themify_builder tf_clear\">\n                    <div  data-lazy=\"1\" class=\"module_row themify_builder_row tb_f0gw750 tb_first tf_w\">\n                        <div class=\"row_inner col_align_top tb_col_count_1 tf_box tf_rel\">\n                        <div  data-lazy=\"1\" class=\"module_column tb-column col-full tb_zakn752 first\">\n                            <div  data-lazy=\"1\" class=\"module_subrow themify_builder_sub_row tf_w col_align_top tb_col_count_2 tb_nbjh753\">\n                <div  data-lazy=\"1\" class=\"module_column sub_column col4-2 tb_celz754 first\">\n                    <!-- module text -->\n<div  class=\"module module-text tb_3ful754   \" data-lazy=\"1\">\n    <h3 class=\"module-title\">V\u00eddeo Profesional<\/h3>    <div  class=\"tb_text_wrap\">\n        <p>Clear Cut, Inc. provee equipo audiovisual tanto a canales de televisi\u00f3n como a productoras independientes.<\/p><p>Las herramientas que ofrecemos incluyen:<br \/>&#8211; Lentes y C\u00e1maras de V\u00eddeo.<br \/>&#8211; Iluminaci\u00f3n<br \/>&#8211; Control y Proceso de Imagen<br \/>&#8211; Transmisi\u00f3n<\/p>    <\/div>\n<\/div>\n<!-- \/module text -->        <\/div>\n                    <div  data-lazy=\"1\" class=\"module_column sub_column col4-2 tb_qpcm755 last\">\n                            <\/div>\n                    <\/div>\n                <\/div>\n                        <\/div>\n        <\/div>\n        <\/div>\n<!--\/themify_builder_content-->","protected":false},"excerpt":{"rendered":"<p>V\u00eddeo Profesional Clear Cut, Inc. provee equipo audiovisual tanto a canales de televisi\u00f3n como a productoras independientes. Las herramientas que ofrecemos incluyen:&#8211; Lentes y C\u00e1maras de V\u00eddeo.&#8211; Iluminaci\u00f3n&#8211; Control y Proceso de Imagen&#8211; Transmisi\u00f3n<\/p>\n","protected":false},"author":1,"featured_media":0,"parent":0,"menu_order":0,"comment_status":"closed","ping_status":"closed","template":"","meta":{"footnotes":""},"class_list":["post-2846","page","type-page","status-publish","hentry","has-post-title","has-post-date","has-post-category","has-post-tag","has-post-comment","has-post-author",""],"builder_content":"<h3>V\u00eddeo Profesional<\/h3> <p>Clear Cut, Inc. provee equipo audiovisual tanto a canales de televisi\u00f3n como a productoras independientes.<\/p><p>Las herramientas que ofrecemos incluyen:<br \/>- Lentes y C\u00e1maras de V\u00eddeo.<br \/>- Iluminaci\u00f3n<br \/>- Control y Proceso de Imagen<br \/>- Transmisi\u00f3n<\/p>","_links":{"self":[{"href":"https:\/\/www.clear-c.com\/site\/wp-json\/wp\/v2\/pages\/2846","targetHints":{"allow":["GET"]}}],"collection":[{"href":"https:\/\/www.clear-c.com\/site\/wp-json\/wp\/v2\/pages"}],"about":[{"href":"https:\/\/www.clear-c.com\/site\/wp-json\/wp\/v2\/types\/page"}],"author":[{"embeddable":true,"href":"https:\/\/www.clear-c.com\/site\/wp-json\/wp\/v2\/users\/1"}],"replies":[{"embeddable":true,"href":"https:\/\/www.clear-c.com\/site\/wp-json\/wp\/v2\/comments?post=2846"}],"version-history":[{"count":3,"href":"https:\/\/www.clear-c.com\/site\/wp-json\/wp\/v2\/pages\/2846\/revisions"}],"predecessor-version":[{"id":2973,"href":"https:\/\/www.clear-c.com\/site\/wp-json\/wp\/v2\/pages\/2846\/revisions\/2973"}],"wp:attachment":[{"href":"https:\/\/www.clear-c.com\/site\/wp-json\/wp\/v2\/media?parent=2846"}],"curies":[{"name":"wp","href":"https:\/\/api.w.org\/{rel}","templated":true}]}}